{"id":7,"date":"2021-10-22T12:30:47","date_gmt":"2021-10-22T12:30:47","guid":{"rendered":"https:\/\/legal-office.hu\/?page_id=7"},"modified":"2021-11-06T16:14:22","modified_gmt":"2021-11-06T16:14:22","slug":"munkatarsaink","status":"publish","type":"page","link":"https:\/\/legal-office.hu\/?page_id=7","title":{"rendered":"Munkat\u00e1rsaink"},"content":{"rendered":"\n<p><\/p>\n\n\n\n<p><\/p>\n\n\n\n<div class=\"wp-block-cover has-background-dim-40 has-background-dim\" style=\"min-height:350px;aspect-ratio:unset;\"><img loading=\"lazy\" decoding=\"async\" width=\"1024\" height=\"681\" class=\"wp-block-cover__image-background wp-image-39\" alt=\"\" src=\"http:\/\/legal-office.hu\/wp-content\/uploads\/2021\/10\/iroda-2-of-14-1024x681.jpg\" data-object-fit=\"cover\" srcset=\"https:\/\/legal-office.hu\/wp-content\/uploads\/2021\/10\/iroda-2-of-14-1024x681.jpg 1024w, https:\/\/legal-office.hu\/wp-content\/uploads\/2021\/10\/iroda-2-of-14-300x200.jpg 300w, https:\/\/legal-office.hu\/wp-content\/uploads\/2021\/10\/iroda-2-of-14-768x511.jpg 768w, https:\/\/legal-office.hu\/wp-content\/uploads\/2021\/10\/iroda-2-of-14-1536x1022.jpg 1536w, https:\/\/legal-office.hu\/wp-content\/uploads\/2021\/10\/iroda-2-of-14-2048x1363.jpg 2048w\" sizes=\"auto, (max-width: 1024px) 100vw, 1024px\" \/><div class=\"wp-block-cover__inner-container is-layout-flow wp-block-cover-is-layout-flow\">\n<p class=\"has-text-align-center has-large-font-size\">Munkat\u00e1rsaink<\/p>\n<\/div><\/div>\n\n\n\n<p><\/p>\n\n\n\n<figure class=\"wp-block-image size-thumbnail is-style-default\"><img loading=\"lazy\" decoding=\"async\" width=\"150\" height=\"150\" src=\"https:\/\/legal-office.hu\/wp-content\/uploads\/2021\/10\/SzM2-150x150.jpg\" alt=\"\" class=\"wp-image-41\"\/><\/figure>\n\n\n\n<h5 class=\"wp-block-heading\"><a href=\"https:\/\/legal-office.hu\/?page_id=215\">dr. Sz\u0151ke Mih\u00e1ly LL.M. \u00fcgyv\u00e9d<\/a><\/h5>\n\n\n\n<figure class=\"wp-block-image size-thumbnail is-style-default\"><img loading=\"lazy\" decoding=\"async\" width=\"150\" height=\"150\" src=\"https:\/\/legal-office.hu\/wp-content\/uploads\/2021\/10\/1_5-150x150.jpg\" alt=\"\" class=\"wp-image-42\"\/><\/figure>\n\n\n\n<h5 class=\"wp-block-heading\">dr. Kis Georgina Bea \u00fcgyv\u00e9djel\u00f6lt<\/h5>\n","protected":false},"excerpt":{"rendered":"<p>dr. Sz\u0151ke Mih\u00e1ly LL.M. \u00fcgyv\u00e9d dr. Kis Georgina Bea \u00fcgyv\u00e9djel\u00f6lt<\/p>\n","protected":false},"author":1,"featured_media":0,"parent":6,"menu_order":1,"comment_status":"closed","ping_status":"closed","template":"","meta":{"footnotes":""},"class_list":["post-7","page","type-page","status-publish","hentry"],"_links":{"self":[{"href":"https:\/\/legal-office.hu\/index.php?rest_route=\/wp\/v2\/pages\/7","targetHints":{"allow":["GET"]}}],"collection":[{"href":"https:\/\/legal-office.hu\/index.php?rest_route=\/wp\/v2\/pages"}],"about":[{"href":"https:\/\/legal-office.hu\/index.php?rest_route=\/wp\/v2\/types\/page"}],"author":[{"embeddable":true,"href":"https:\/\/legal-office.hu\/index.php?rest_route=\/wp\/v2\/users\/1"}],"replies":[{"embeddable":true,"href":"https:\/\/legal-office.hu\/index.php?rest_route=%2Fwp%2Fv2%2Fcomments&post=7"}],"version-history":[{"count":42,"href":"https:\/\/legal-office.hu\/index.php?rest_route=\/wp\/v2\/pages\/7\/revisions"}],"predecessor-version":[{"id":325,"href":"https:\/\/legal-office.hu\/index.php?rest_route=\/wp\/v2\/pages\/7\/revisions\/325"}],"up":[{"embeddable":true,"href":"https:\/\/legal-office.hu\/index.php?rest_route=\/wp\/v2\/pages\/6"}],"wp:attachment":[{"href":"https:\/\/legal-office.hu\/index.php?rest_route=%2Fwp%2Fv2%2Fmedia&parent=7"}],"curies":[{"name":"wp","href":"https:\/\/api.w.org\/{rel}","templated":true}]}}