{"id":380,"date":"2021-11-06T03:20:54","date_gmt":"2021-11-06T03:20:54","guid":{"rendered":"https:\/\/legal-office.hu\/?page_id=380"},"modified":"2021-11-06T18:20:01","modified_gmt":"2021-11-06T18:20:01","slug":"gazdasagi-buntetojogi-ugyek","status":"publish","type":"page","link":"https:\/\/legal-office.hu\/?page_id=380","title":{"rendered":"Gazdas\u00e1gi b\u00fcntet\u0151jogi \u00fcgyek"},"content":{"rendered":"\n<p><\/p>\n\n\n\n<p><\/p>\n\n\n\n<h5 class=\"wp-block-heading\">Gazdas\u00e1gi b\u00fcntet\u0151jogi \u00fcgyek<\/h5>\n\n\n\n<ul class=\"wp-block-list\"><li>Cs\u0151db\u0171ncselekm\u00e9ny \u00fcgyek<\/li><li>K\u00f6lts\u00e9gvet\u00e9si csal\u00e1s \u00fcgyek<\/li><li>H\u0171tlen kezel\u00e9s \u00fcgyek<\/li><li>Hanyag kezel\u00e9s \u00fcgyek<\/li><li>P\u00e9nzmos\u00e1s \u00fcgyek<\/li><li>Megfelel\u0151s\u00e9g hamis tan\u00fas\u00edt\u00e1sa \u00fcgyek<\/li><li>Tartoz\u00e1s fedezet\u00e9nek elvon\u00e1sa \u00fcgyek<\/li><li>Gazdas\u00e1gi csal\u00e1s \u00fcgyek<\/li><li>Sikkaszt\u00e1s \u00fcgyek<\/li><li>V\u00e9d\u0151i k\u00e9pviselet a fenti \u00fcgyekben<\/li><\/ul>\n\n\n\n<p><\/p>\n","protected":false},"excerpt":{"rendered":"<p>Gazdas\u00e1gi b\u00fcntet\u0151jogi \u00fcgyek Cs\u0151db\u0171ncselekm\u00e9ny \u00fcgyek K\u00f6lts\u00e9gvet\u00e9si csal\u00e1s \u00fcgyek H\u0171tlen kezel\u00e9s \u00fcgyek Hanyag kezel\u00e9s \u00fcgyek P\u00e9nzmos\u00e1s \u00fcgyek Megfelel\u0151s\u00e9g hamis tan\u00fas\u00edt\u00e1sa \u00fcgyek Tartoz\u00e1s fedezet\u00e9nek elvon\u00e1sa \u00fcgyek Gazdas\u00e1gi csal\u00e1s \u00fcgyek Sikkaszt\u00e1s \u00fcgyek V\u00e9d\u0151i k\u00e9pviselet a fenti \u00fcgyekben<\/p>\n","protected":false},"author":1,"featured_media":0,"parent":80,"menu_order":0,"comment_status":"closed","ping_status":"closed","template":"","meta":{"footnotes":""},"class_list":["post-380","page","type-page","status-publish","hentry"],"_links":{"self":[{"href":"https:\/\/legal-office.hu\/index.php?rest_route=\/wp\/v2\/pages\/380","targetHints":{"allow":["GET"]}}],"collection":[{"href":"https:\/\/legal-office.hu\/index.php?rest_route=\/wp\/v2\/pages"}],"about":[{"href":"https:\/\/legal-office.hu\/index.php?rest_route=\/wp\/v2\/types\/page"}],"author":[{"embeddable":true,"href":"https:\/\/legal-office.hu\/index.php?rest_route=\/wp\/v2\/users\/1"}],"replies":[{"embeddable":true,"href":"https:\/\/legal-office.hu\/index.php?rest_route=%2Fwp%2Fv2%2Fcomments&post=380"}],"version-history":[{"count":8,"href":"https:\/\/legal-office.hu\/index.php?rest_route=\/wp\/v2\/pages\/380\/revisions"}],"predecessor-version":[{"id":497,"href":"https:\/\/legal-office.hu\/index.php?rest_route=\/wp\/v2\/pages\/380\/revisions\/497"}],"up":[{"embeddable":true,"href":"https:\/\/legal-office.hu\/index.php?rest_route=\/wp\/v2\/pages\/80"}],"wp:attachment":[{"href":"https:\/\/legal-office.hu\/index.php?rest_route=%2Fwp%2Fv2%2Fmedia&parent=380"}],"curies":[{"name":"wp","href":"https:\/\/api.w.org\/{rel}","templated":true}]}}