{"id":354,"date":"2021-11-04T18:28:16","date_gmt":"2021-11-04T18:28:16","guid":{"rendered":"https:\/\/legal-office.hu\/?page_id=354"},"modified":"2021-11-08T04:28:01","modified_gmt":"2021-11-08T04:28:01","slug":"hazassag-felbontasa","status":"publish","type":"page","link":"https:\/\/legal-office.hu\/?page_id=354","title":{"rendered":"H\u00e1zass\u00e1g felbont\u00e1sa, gyermekelhelyez\u00e9si, valamint \u00e9lett\u00e1rsi \u00e9s h\u00e1zast\u00e1rsi vagyoni \u00fcgyek"},"content":{"rendered":"\n<p><\/p>\n\n\n\n<p><\/p>\n\n\n\n<h5 class=\"wp-block-heading\">H\u00e1zass\u00e1g felbont\u00e1sa, gyermekelhelyez\u00e9si, valamint \u00e9lett\u00e1rsi \u00e9s h\u00e1zast\u00e1rsi vagyoni \u00fcgyek<\/h5>\n\n\n\n<ul class=\"wp-block-list\"><li>H\u00e1zass\u00e1g felbont\u00e1sa ir\u00e1nti keresetlev\u00e9l (v\u00e1l\u00f3per) elk\u00e9sz\u00edt\u00e9se, beny\u00fajt\u00e1sa<\/li><li>Gyermek elhelyez\u00e9s\u00e9nek, a vele val\u00f3 kapcsolattart\u00e1snak (l\u00e1that\u00e1snak) \u00e9s tart\u00e1s\u00e1nak rendez\u00e9se<\/li><li>Ha lehet\u0151s\u00e9g mutatkozik r\u00e1 megk\u00eds\u00e9relj\u00fck a felek k\u00f6z\u00f6tt egyezs\u00e9g l\u00e9trehoz\u00e1s\u00e1t. Seg\u00edtj\u00fck \u00fcgyfeleinket ennek el\u0151k\u00e9sz\u00edt\u00e9s\u00e9ben, r\u00e9szleteinek kialak\u00edt\u00e1s\u00e1ban, az egyezs\u00e9gi t\u00e1rgyal\u00e1sok lefolytat\u00e1s\u00e1ban \u00e9s elk\u00e9sz\u00edtj\u00fck a sz\u00fcks\u00e9ges okiratokat<\/li><li>\u00c9lett\u00e1rsi \u00e9s h\u00e1zast\u00e1rsi vagyonjogi meg\u00e1llapod\u00e1sok<\/li><li>\u00c9lett\u00e1rsi \u00e9s h\u00e1zast\u00e1rsi vagyoni ig\u00e9nyek \u00e9rv\u00e9nyes\u00edt\u00e9se (vagyonmegoszt\u00e1s)<\/li><li>Okiratok szerkeszt\u00e9se, v\u00e9lem\u00e9nyez\u00e9se \u00e9s tan\u00e1csad\u00e1s a fenti \u00fcgyekben<\/li><li>K\u00e9pviselet a fenti peres \u00e9s nemperes elj\u00e1r\u00e1sokban, valamint a peren k\u00edv\u00fcli egyeztet\u00e9sek sor\u00e1n<\/li><\/ul>\n\n\n\n<p><\/p>\n","protected":false},"excerpt":{"rendered":"<p>H\u00e1zass\u00e1g felbont\u00e1sa, gyermekelhelyez\u00e9si, valamint \u00e9lett\u00e1rsi \u00e9s h\u00e1zast\u00e1rsi vagyoni \u00fcgyek H\u00e1zass\u00e1g felbont\u00e1sa ir\u00e1nti keresetlev\u00e9l (v\u00e1l\u00f3per) elk\u00e9sz\u00edt\u00e9se, beny\u00fajt\u00e1sa Gyermek elhelyez\u00e9s\u00e9nek, a vele val\u00f3 kapcsolattart\u00e1snak (l\u00e1that\u00e1snak) \u00e9s tart\u00e1s\u00e1nak rendez\u00e9se Ha lehet\u0151s\u00e9g mutatkozik r\u00e1 megk\u00eds\u00e9relj\u00fck a felek k\u00f6z\u00f6tt egyezs\u00e9g l\u00e9trehoz\u00e1s\u00e1t. Seg\u00edtj\u00fck \u00fcgyfeleinket ennek el\u0151k\u00e9sz\u00edt\u00e9s\u00e9ben, r\u00e9szleteinek kialak\u00edt\u00e1s\u00e1ban, az egyezs\u00e9gi t\u00e1rgyal\u00e1sok lefolytat\u00e1s\u00e1ban \u00e9s elk\u00e9sz\u00edtj\u00fck a sz\u00fcks\u00e9ges okiratokat \u00c9lett\u00e1rsi \u00e9s h\u00e1zast\u00e1rsi vagyonjogi [&hellip;]<\/p>\n","protected":false},"author":1,"featured_media":0,"parent":80,"menu_order":0,"comment_status":"closed","ping_status":"closed","template":"","meta":{"footnotes":""},"class_list":["post-354","page","type-page","status-publish","hentry"],"_links":{"self":[{"href":"https:\/\/legal-office.hu\/index.php?rest_route=\/wp\/v2\/pages\/354","targetHints":{"allow":["GET"]}}],"collection":[{"href":"https:\/\/legal-office.hu\/index.php?rest_route=\/wp\/v2\/pages"}],"about":[{"href":"https:\/\/legal-office.hu\/index.php?rest_route=\/wp\/v2\/types\/page"}],"author":[{"embeddable":true,"href":"https:\/\/legal-office.hu\/index.php?rest_route=\/wp\/v2\/users\/1"}],"replies":[{"embeddable":true,"href":"https:\/\/legal-office.hu\/index.php?rest_route=%2Fwp%2Fv2%2Fcomments&post=354"}],"version-history":[{"count":17,"href":"https:\/\/legal-office.hu\/index.php?rest_route=\/wp\/v2\/pages\/354\/revisions"}],"predecessor-version":[{"id":557,"href":"https:\/\/legal-office.hu\/index.php?rest_route=\/wp\/v2\/pages\/354\/revisions\/557"}],"up":[{"embeddable":true,"href":"https:\/\/legal-office.hu\/index.php?rest_route=\/wp\/v2\/pages\/80"}],"wp:attachment":[{"href":"https:\/\/legal-office.hu\/index.php?rest_route=%2Fwp%2Fv2%2Fmedia&parent=354"}],"curies":[{"name":"wp","href":"https:\/\/api.w.org\/{rel}","templated":true}]}}