{"id":229,"date":"2021-11-03T12:43:20","date_gmt":"2021-11-03T12:43:20","guid":{"rendered":"https:\/\/legal-office.hu\/?page_id=229"},"modified":"2021-11-10T03:21:28","modified_gmt":"2021-11-10T03:21:28","slug":"229-2","status":"publish","type":"page","link":"https:\/\/legal-office.hu\/?page_id=229","title":{"rendered":"Ingatlanokkal kapcsolatos \u00fcgyek \u00e9s ingatlank\u00f6zvet\u00edt\u00e9s"},"content":{"rendered":"\n<p><\/p>\n\n\n\n<p><\/p>\n\n\n\n<h5 class=\"wp-block-heading\">Ingatlanokkal kapcsolatos \u00fcgyek \u00e9s ingatlank\u00f6zvet\u00edt\u00e9s<\/h5>\n\n\n\n<ul class=\"wp-block-list\"><li>Ingatlanok \u00e1truh\u00e1z\u00e1sa (ad\u00e1sv\u00e9tel, aj\u00e1nd\u00e9koz\u00e1s, csere, stb.) \u00e9s hasznos\u00edt\u00e1sa (b\u00e9rbead\u00e1s, haszn\u00e1lat, stb.)<\/li><li>Term\u0151f\u00f6ldek \u00e1truh\u00e1z\u00e1sa (ad\u00e1sv\u00e9tel, csere, aj\u00e1nd\u00e9koz\u00e1s, stb.) \u00e9s hasznos\u00edt\u00e1sa (term\u0151f\u00f6ld f\u00f6ldhaszn\u00e1lat)<\/li><li>Ingatlank\u00f6zvet\u00edt\u00e9s teljes k\u00f6r\u0171 \u00fcgyint\u00e9z\u00e9ssel (hirdet\u00e9s felad\u00e1sa, megtekint\u00e9sek lebonyol\u00edt\u00e1sa, szerz\u0151d\u00e9s elk\u00e9sz\u00edt\u00e9se, f\u00f6ldhivatali elj\u00e1r\u00e1s lefolytat\u00e1sa)<\/li><li>Ingatlanok megterhel\u00e9se vagy teher-mentes\u00edt\u00e9se (jelz\u00e1log, haszon\u00e9lvezet, haszn\u00e1lat, stb.)<\/li><li>Egy\u00e9b ingatlan\u00fcgyek (egyes\u00edt\u00e9s, megoszt\u00e1s, r\u00e1\u00e9p\u00edt\u00e9s, stb.)<\/li><li>K\u00f6z\u00f6s tulajdonban \u00e1ll\u00f3 ingatlanok haszn\u00e1lat\u00e1nak megoszt\u00e1sa<\/li><li>Birtokv\u00e9delmi elj\u00e1r\u00e1sok jegyz\u0151 vagy b\u00edr\u00f3s\u00e1g el\u0151tt<\/li><li>Okiratok szerkeszt\u00e9se, v\u00e9lem\u00e9nyez\u00e9se a fenti \u00fcgyekben<\/li><li>K\u00e9pviselet ingatlan\u00fcgyi elj\u00e1r\u00e1sokban hat\u00f3s\u00e1g \u00e9s b\u00edr\u00f3s\u00e1g el\u0151tt<\/li><li>K\u00e9pviselet ingatlannal kapcsolatos perben b\u00edr\u00f3s\u00e1g el\u0151tt<\/li><\/ul>\n\n\n\n<p><\/p>\n","protected":false},"excerpt":{"rendered":"<p>Ingatlanokkal kapcsolatos \u00fcgyek \u00e9s ingatlank\u00f6zvet\u00edt\u00e9s Ingatlanok \u00e1truh\u00e1z\u00e1sa (ad\u00e1sv\u00e9tel, aj\u00e1nd\u00e9koz\u00e1s, csere, stb.) \u00e9s hasznos\u00edt\u00e1sa (b\u00e9rbead\u00e1s, haszn\u00e1lat, stb.) Term\u0151f\u00f6ldek \u00e1truh\u00e1z\u00e1sa (ad\u00e1sv\u00e9tel, csere, aj\u00e1nd\u00e9koz\u00e1s, stb.) \u00e9s hasznos\u00edt\u00e1sa (term\u0151f\u00f6ld f\u00f6ldhaszn\u00e1lat) Ingatlank\u00f6zvet\u00edt\u00e9s teljes k\u00f6r\u0171 \u00fcgyint\u00e9z\u00e9ssel (hirdet\u00e9s felad\u00e1sa, megtekint\u00e9sek lebonyol\u00edt\u00e1sa, szerz\u0151d\u00e9s elk\u00e9sz\u00edt\u00e9se, f\u00f6ldhivatali elj\u00e1r\u00e1s lefolytat\u00e1sa) Ingatlanok megterhel\u00e9se vagy teher-mentes\u00edt\u00e9se (jelz\u00e1log, haszon\u00e9lvezet, haszn\u00e1lat, stb.) Egy\u00e9b ingatlan\u00fcgyek (egyes\u00edt\u00e9s, megoszt\u00e1s, r\u00e1\u00e9p\u00edt\u00e9s, stb.) K\u00f6z\u00f6s tulajdonban [&hellip;]<\/p>\n","protected":false},"author":1,"featured_media":0,"parent":80,"menu_order":1,"comment_status":"closed","ping_status":"closed","template":"","meta":{"footnotes":""},"class_list":["post-229","page","type-page","status-publish","hentry"],"_links":{"self":[{"href":"https:\/\/legal-office.hu\/index.php?rest_route=\/wp\/v2\/pages\/229","targetHints":{"allow":["GET"]}}],"collection":[{"href":"https:\/\/legal-office.hu\/index.php?rest_route=\/wp\/v2\/pages"}],"about":[{"href":"https:\/\/legal-office.hu\/index.php?rest_route=\/wp\/v2\/types\/page"}],"author":[{"embeddable":true,"href":"https:\/\/legal-office.hu\/index.php?rest_route=\/wp\/v2\/users\/1"}],"replies":[{"embeddable":true,"href":"https:\/\/legal-office.hu\/index.php?rest_route=%2Fwp%2Fv2%2Fcomments&post=229"}],"version-history":[{"count":9,"href":"https:\/\/legal-office.hu\/index.php?rest_route=\/wp\/v2\/pages\/229\/revisions"}],"predecessor-version":[{"id":559,"href":"https:\/\/legal-office.hu\/index.php?rest_route=\/wp\/v2\/pages\/229\/revisions\/559"}],"up":[{"embeddable":true,"href":"https:\/\/legal-office.hu\/index.php?rest_route=\/wp\/v2\/pages\/80"}],"wp:attachment":[{"href":"https:\/\/legal-office.hu\/index.php?rest_route=%2Fwp%2Fv2%2Fmedia&parent=229"}],"curies":[{"name":"wp","href":"https:\/\/api.w.org\/{rel}","templated":true}]}}